{"id":15,"date":"2023-07-19T19:22:58","date_gmt":"2023-07-19T19:22:58","guid":{"rendered":"https:\/\/bundc-bildungszentrum.de\/?page_id=15"},"modified":"2023-09-10T13:21:53","modified_gmt":"2023-09-10T13:21:53","slug":"brandschutzhelfer","status":"publish","type":"page","link":"https:\/\/bundc-bildungszentrum.de\/?page_id=15","title":{"rendered":"Brandschutzhelfer"},"content":{"rendered":"\n<p>Du m\u00f6chtest dich gerne im Brandschutz weiterbilden, oder ben\u00f6tigst eine Auffrischung? Die Fortbildung zum Brandschutz- und Evakuierungshelfer, findet immer Samstags einmal im Monat von 08:30-15:30 Uhr statt.<\/p>\n\n\n\n<p><strong>Was erwartet dich im Kurs, welche Inhalte werden vermittelt?<\/strong><\/p>\n\n\n\n<p>Vorbeugender Brandschutz<br>Brandklassen<br>Brand- und Rettungszeichen<br>L\u00f6schmittel und L\u00f6schwirkung<br>Flucht- und Rettungswege \/ Notausg\u00e4nge<br>Betrieblicher Brandschutz<br>Brandschutzordnung Teil A \/ B \/ C<br>Definition Evakuierungshelfer<br>Ausstattung und Ausr\u00fcstung eines Evakuierungshelfers<br>Berufsgenossenschaftliche Vorschriften<br>Eigensicherung<br>Abschlusspr\u00fcfung<\/p>\n\n\n\n<p><strong>Wie kannst du an diesem Kurs teilnehmen?<\/strong><\/p>\n\n\n\n<p>Letztlich ben\u00f6tigst du lediglich ein Internetf\u00e4higes Ger\u00e4t und einen Zugang zu Zoom, f\u00fcr den Theoretischen Teil des Seminars. Wir empfehlen nat\u00fcrlich ein Endger\u00e4t mit einem etwas gr\u00f6\u00dferen Bildschirm, um die Folien mitlesen zu k\u00f6nnen, du bekommst allerdings auch immer alle Lernunterlagen via Mail als PDF zugesandt und kannst dir diese anschauen.<\/p>\n\n\n\n<p><strong>Wie ist die Pr\u00fcfung abzulegen?<\/strong><\/p>\n\n\n\n<p>Auch die Theoretische Pr\u00fcfung findet Online statt. Du bekommst im Anschluss an den Unterricht einen Link zugeschickt, der eine kurze Verst\u00e4ndnispr\u00fcfung beinhaltet. Dort klickst du dich einfach durch die richtigen Antworten und dr\u00fcckst auf Senden.<\/p>\n\n\n\n<p><strong>Wie geht es dann weiter?<\/strong><\/p>\n\n\n\n<p>Wenn die Pr\u00fcfung bestanden ist und die Rechnung bezahlt wurde, geht das Zertifikat direkt auf dem Postweg raus zu dir. Im Regelfall braucht die Post etwas 2-3 Werktage und das Zertifikat ist bei dir angekommen. Zus\u00e4tzlich erh\u00e4ltst du mit der postalischen Zustellung, das Zertifikat noch einmal als PDF via E-Mail.<\/p>\n\n\n\n<p><strong>Der Praktische Teil<\/strong><\/p>\n\n\n\n<p>Zus\u00e4tzlich bieten wir 4 mal im Jahr eine praktische Schulung an verschiedenen Standorten an, an welchen du kostenlos teilnehmen kannst, wenn du die theoretische Pr\u00fcfung absolviert hast. Hier lernst du unter anderem die praktische Handhabung mit Feuerl\u00f6schern und welche L\u00f6schmittel wie auf die verschiedenen Brandklassen einwirken.<\/p>\n\n\n\n<p><strong>Wie melde ich mich an?<\/strong><\/p>\n\n\n\n<p>F\u00fclle das unten anliegende Anmeldeformular aus und wir \u00fcbersenden dir eine Teilnahmebest\u00e4tigung. Die aktuellen Preise f\u00fcr den Lehrgang, findest du in unserer Rubrik Preise.<\/p>\n","protected":false},"excerpt":{"rendered":"<p>Du m\u00f6chtest dich gerne im Brandschutz weiterbilden, oder ben\u00f6tigst eine Auffrischung? Die Fortbildung zum Brandschutz- und Evakuierungshelfer, findet immer Samstags einmal im Monat von 08:30-15:30 Uhr statt. Was erwartet dich im Kurs, welche Inhalte werden vermittelt? Vorbeugender BrandschutzBrandklassenBrand- und RettungszeichenL\u00f6schmittel und L\u00f6schwirkungFlucht- und Rettungswege \/ Notausg\u00e4ngeBetrieblicher BrandschutzBrandschutzordnung Teil A \/ B \/ CDefinition EvakuierungshelferAusstattung und [&hellip;]<\/p>\n","protected":false},"author":1,"featured_media":0,"parent":0,"menu_order":0,"comment_status":"closed","ping_status":"closed","template":"","meta":{"footnotes":""},"jetpack_sharing_enabled":true,"_links":{"self":[{"href":"https:\/\/bundc-bildungszentrum.de\/index.php?rest_route=\/wp\/v2\/pages\/15"}],"collection":[{"href":"https:\/\/bundc-bildungszentrum.de\/index.php?rest_route=\/wp\/v2\/pages"}],"about":[{"href":"https:\/\/bundc-bildungszentrum.de\/index.php?rest_route=\/wp\/v2\/types\/page"}],"author":[{"embeddable":true,"href":"https:\/\/bundc-bildungszentrum.de\/index.php?rest_route=\/wp\/v2\/users\/1"}],"replies":[{"embeddable":true,"href":"https:\/\/bundc-bildungszentrum.de\/index.php?rest_route=%2Fwp%2Fv2%2Fcomments&post=15"}],"version-history":[{"count":4,"href":"https:\/\/bundc-bildungszentrum.de\/index.php?rest_route=\/wp\/v2\/pages\/15\/revisions"}],"predecessor-version":[{"id":55,"href":"https:\/\/bundc-bildungszentrum.de\/index.php?rest_route=\/wp\/v2\/pages\/15\/revisions\/55"}],"wp:attachment":[{"href":"https:\/\/bundc-bildungszentrum.de\/index.php?rest_route=%2Fwp%2Fv2%2Fmedia&parent=15"}],"curies":[{"name":"wp","href":"https:\/\/api.w.org\/{rel}","templated":true}]}}

<p>Du möchtest dich gerne im Brandschutz weiterbilden, oder benötigst eine Auffrischung? Die Fortbildung zum Brandschutz- und Evakuierungshelfer, findet immer Samstags einmal im Monat von 08:30-15:30 Uhr statt.</p>



<p><strong>Was erwartet dich im Kurs, welche Inhalte werden vermittelt?</strong></p>



<p>Vorbeugender Brandschutz<br>Brandklassen<br>Brand- und Rettungszeichen<br>Löschmittel und Löschwirkung<br>Flucht- und Rettungswege / Notausgänge<br>Betrieblicher Brandschutz<br>Brandschutzordnung Teil A / B / C<br>Definition Evakuierungshelfer<br>Ausstattung und Ausrüstung eines Evakuierungshelfers<br>Berufsgenossenschaftliche Vorschriften<br>Eigensicherung<br>Abschlussprüfung</p>



<p><strong>Wie kannst du an diesem Kurs teilnehmen?</strong></p>



<p>Letztlich benötigst du lediglich ein Internetfähiges Gerät und einen Zugang zu Zoom, für den Theoretischen Teil des Seminars. Wir empfehlen natürlich ein Endgerät mit einem etwas größeren Bildschirm, um die Folien mitlesen zu können, du bekommst allerdings auch immer alle Lernunterlagen via Mail als PDF zugesandt und kannst dir diese anschauen.</p>



<p><strong>Wie ist die Prüfung abzulegen?</strong></p>



<p>Auch die Theoretische Prüfung findet Online statt. Du bekommst im Anschluss an den Unterricht einen Link zugeschickt, der eine kurze Verständnisprüfung beinhaltet. Dort klickst du dich einfach durch die richtigen Antworten und drückst auf Senden.</p>



<p><strong>Wie geht es dann weiter?</strong></p>



<p>Wenn die Prüfung bestanden ist und die Rechnung bezahlt wurde, geht das Zertifikat direkt auf dem Postweg raus zu dir. Im Regelfall braucht die Post etwas 2-3 Werktage und das Zertifikat ist bei dir angekommen. Zusätzlich erhältst du mit der postalischen Zustellung, das Zertifikat noch einmal als PDF via E-Mail.</p>



<p><strong>Der Praktische Teil</strong></p>



<p>Zusätzlich bieten wir 4 mal im Jahr eine praktische Schulung an verschiedenen Standorten an, an welchen du kostenlos teilnehmen kannst, wenn du die theoretische Prüfung absolviert hast. Hier lernst du unter anderem die praktische Handhabung mit Feuerlöschern und welche Löschmittel wie auf die verschiedenen Brandklassen einwirken.</p>



<p><strong>Wie melde ich mich an?</strong></p>



<p>Fülle das unten anliegende Anmeldeformular aus und wir übersenden dir eine Teilnahmebestätigung. Die aktuellen Preise für den Lehrgang, findest du in unserer Rubrik Preise.</p>

<p>Du möchtest dich gerne im Brandschutz weiterbilden, oder benötigst eine Auffrischung? Die Fortbildung zum Brandschutz- und Evakuierungshelfer, findet immer Samstags einmal im Monat von 08:30-15:30 Uhr statt. Was erwartet dich im Kurs, welche Inhalte werden vermittelt? Vorbeugender BrandschutzBrandklassenBrand- und RettungszeichenLöschmittel und LöschwirkungFlucht- und Rettungswege / NotausgängeBetrieblicher BrandschutzBrandschutzordnung Teil A / B / CDefinition EvakuierungshelferAusstattung und [&hellip;]</p>
