{"id":2,"date":"2023-07-13T19:15:17","date_gmt":"2023-07-13T19:15:17","guid":{"rendered":"https:\/\/bundc-bildungszentrum.de\/?page_id=2"},"modified":"2025-06-13T15:26:01","modified_gmt":"2025-06-13T15:26:01","slug":"sample-page","status":"publish","type":"page","link":"https:\/\/bundc-bildungszentrum.de\/?page_id=2","title":{"rendered":"Vorbereitung auf die Sachkundepr\u00fcfung \u00a734a GewO"},"content":{"rendered":"\n<div style=\"font-size: 28px; font-weight: bold; text-align: center;\">\n  <span id=\"counter\">0<\/span> Teilnehmer, denen wir bereits durch die Pr\u00fcfung geholfen haben!\n<\/div>\n\n<script>\nlet count = 0;\nlet target = 870; \/\/ Zielzahl hier anpassen\nlet speed = 20; \/\/ Geschwindigkeit: je niedriger, desto schneller\n\nfunction updateCounter() {\n  if (count < target) {\n    count += 10;\n    document.getElementById(\"counter\").innerText = count;\n    setTimeout(updateCounter, speed);\n  } else {\n    document.getElementById(\"counter\").innerText = target;\n  }\n}\nupdateCounter();\n<\/script>\n\n\n\n\n<p><\/p>\n\n\n<div class=\"wp-block-image\">\n<figure class=\"aligncenter size-large\"><img loading=\"lazy\" decoding=\"async\" width=\"819\" height=\"1024\" src=\"https:\/\/bundc-bildungszentrum.de\/wp-content\/uploads\/2025\/06\/2025-deine-Karriere-in-der-Sicherheit-starten-819x1024.png\" alt=\"\" class=\"wp-image-405\" srcset=\"https:\/\/bundc-bildungszentrum.de\/wp-content\/uploads\/2025\/06\/2025-deine-Karriere-in-der-Sicherheit-starten-819x1024.png 819w, https:\/\/bundc-bildungszentrum.de\/wp-content\/uploads\/2025\/06\/2025-deine-Karriere-in-der-Sicherheit-starten-240x300.png 240w, https:\/\/bundc-bildungszentrum.de\/wp-content\/uploads\/2025\/06\/2025-deine-Karriere-in-der-Sicherheit-starten-768x960.png 768w, https:\/\/bundc-bildungszentrum.de\/wp-content\/uploads\/2025\/06\/2025-deine-Karriere-in-der-Sicherheit-starten.png 1080w\" sizes=\"(max-width: 819px) 100vw, 819px\" \/><\/figure><\/div>\n\n\n<p class=\"has-text-align-center\">Absolventen des Lehrgangs \u201e<a>Vorbereitung auf die Sachkundepr\u00fcfung<\/a>\u201c unterst\u00fctzen aufgrund ihrer Qualifikation die \u00f6ffentliche Sicherheit und Ordnung, sichern Personen, sch\u00fctzen Objekte, Werte und Anlagen, insbesondere durch pr\u00e4ventive Ma\u00dfnahmen und soweit erforderlich durch Gefahrenabwehr.<\/p>\n\n\n\n<p class=\"has-text-align-center\">Sie arbeiten in den Einsatzgebieten Objekt- und Anlagenschutz, Verkehrsdienste, Veranstaltungsdienste sowie Personen- und Werteschutz im privaten und \u00f6ffentlichen Bereich.<\/p>\n\n\n\n<p class=\"has-text-align-center\">Als Dienstleister sind sie kundenorientiert auf der Grundlage von Rechtsvorschriften, technischen und organisatorischen Vorgaben, Regelwerken sowie spezifischen Arbeitsanweisungen t\u00e4tig.<\/p>\n\n\n\n<p class=\"has-text-align-center\">Dieser Lehrgang soll den Teilnehmern die M\u00f6glichkeit geben, die Lehrinhalte des Lehrgangs \u201eVorbereitung auf die Sachkundepr\u00fcfung\u201c zu erlernen, um eine m\u00f6glichst reibungslose Eingliederung ins Berufsleben mit hochwertiger Qualifikation zu gew\u00e4hrleisten.<\/p>\n\n\n\n<p class=\"has-text-align-center\">Die Lehrgangsbeschreibung richtet sich nach der \u201eVerordnung \u00fcber das Bewachungsgewerbe\u201c vom 03. Mai 2019.<\/p>\n\n\n\n<p class=\"has-text-align-center\"><strong><u>Lehrgangsinhalte<\/u><\/strong><strong>:<\/strong><\/p>\n\n\n\n<figure class=\"wp-block-table aligncenter\"><table><tbody><tr><td>1.<\/td><td>Lehrgangsstart<\/td><td>8 UE<\/td><\/tr><tr><td>2.<\/td><td>Grundlagen f\u00fcr die Sicherheitswirtschaft<\/td><td>412 UE<\/td><\/tr><tr><td>3.<\/td><td>Bewerbungsunterst\u00fctzung&nbsp;<\/td><td>8 UE<\/td><\/tr><tr><td>4.<\/td><td>Angewandte Psychologie<\/td><td>40 UE<\/td><\/tr><tr><td>5.<\/td><td>Sicherheits- und Kommunikationstechnik<\/td><td>40 UE<\/td><\/tr><tr><td>6.<\/td><td>Lehrgangsverabschiedung<\/td><td>8 UE<\/td><\/tr><\/tbody><\/table><\/figure>\n\n\n\n<p><\/p>\n\n\n\n<p class=\"has-text-align-center has-large-font-size\"><strong>Lass dich kostenlos von uns beraten!<\/strong><\/p>\n\n\n<div class=\"wp-block-jetpack-contact-form\"><a href=\"https:\/\/bundc-bildungszentrum.de\/?page_id=2\" target=\"_blank\" rel=\"noopener noreferrer\">Formular einreichen.<\/a><\/div>","protected":false},"excerpt":{"rendered":"<p>0 Teilnehmer, denen wir bereits durch die Pr\u00fcfung geholfen haben! Absolventen des Lehrgangs \u201eVorbereitung auf die Sachkundepr\u00fcfung\u201c unterst\u00fctzen aufgrund ihrer Qualifikation die \u00f6ffentliche Sicherheit und Ordnung, sichern Personen, sch\u00fctzen Objekte, Werte und Anlagen, insbesondere durch pr\u00e4ventive Ma\u00dfnahmen und soweit erforderlich durch Gefahrenabwehr. Sie arbeiten in den Einsatzgebieten Objekt- und Anlagenschutz, Verkehrsdienste, Veranstaltungsdienste sowie Personen- und [&hellip;]<\/p>\n","protected":false},"author":1,"featured_media":0,"parent":0,"menu_order":0,"comment_status":"closed","ping_status":"open","template":"","meta":{"footnotes":""},"jetpack_sharing_enabled":true,"_links":{"self":[{"href":"https:\/\/bundc-bildungszentrum.de\/index.php?rest_route=\/wp\/v2\/pages\/2"}],"collection":[{"href":"https:\/\/bundc-bildungszentrum.de\/index.php?rest_route=\/wp\/v2\/pages"}],"about":[{"href":"https:\/\/bundc-bildungszentrum.de\/index.php?rest_route=\/wp\/v2\/types\/page"}],"author":[{"embeddable":true,"href":"https:\/\/bundc-bildungszentrum.de\/index.php?rest_route=\/wp\/v2\/users\/1"}],"replies":[{"embeddable":true,"href":"https:\/\/bundc-bildungszentrum.de\/index.php?rest_route=%2Fwp%2Fv2%2Fcomments&post=2"}],"version-history":[{"count":18,"href":"https:\/\/bundc-bildungszentrum.de\/index.php?rest_route=\/wp\/v2\/pages\/2\/revisions"}],"predecessor-version":[{"id":410,"href":"https:\/\/bundc-bildungszentrum.de\/index.php?rest_route=\/wp\/v2\/pages\/2\/revisions\/410"}],"wp:attachment":[{"href":"https:\/\/bundc-bildungszentrum.de\/index.php?rest_route=%2Fwp%2Fv2%2Fmedia&parent=2"}],"curies":[{"name":"wp","href":"https:\/\/api.w.org\/{rel}","templated":true}]}}